{"id":15049,"date":"2018-10-21T16:57:13","date_gmt":"2018-10-21T16:57:13","guid":{"rendered":"http:\/\/www.sohag-univ.edu.eg\/facagri\/?page_id=15049"},"modified":"2018-10-21T16:57:13","modified_gmt":"2018-10-21T16:57:13","slug":"%d8%a8%d8%b1%d8%a7%d9%85%d8%ac-%d9%88%d9%84%d8%a7%d8%a6%d8%ad%d8%a9-%d8%a7%d9%84%d8%a8%d9%83%d8%a7%d9%84%d9%88%d8%b1%d9%8a%d9%88%d8%b3-%d9%85%d8%aa%d8%b1%d8%ac%d9%85%d8%a9-%d9%81%d8%b1%d9%86%d8%b3","status":"publish","type":"page","link":"https:\/\/agri.sohag-univ.edu.eg\/main\/%d8%a8%d8%b1%d8%a7%d9%85%d8%ac-%d9%88%d9%84%d8%a7%d8%a6%d8%ad%d8%a9-%d8%a7%d9%84%d8%a8%d9%83%d8%a7%d9%84%d9%88%d8%b1%d9%8a%d9%88%d8%b3-%d9%85%d8%aa%d8%b1%d8%ac%d9%85%d8%a9-%d9%81%d8%b1%d9%86%d8%b3\/","title":{"rendered":"\u0628\u0631\u0627\u0645\u062c \u0648\u0644\u0627\u0626\u062d\u0629 \u0627\u0644\u0628\u0643\u0627\u0644\u0648\u0631\u064a\u0648\u0633 (\u0645\u062a\u0631\u062c\u0645\u0629 \u0641\u0631\u0646\u0633\u0649)"},"content":{"rendered":"<p style=\"text-align: center;\"><span style=\"color: #000000;\"><strong>Programme de baccalaur\u00e9at<\/strong><\/span><\/p>\n<table width=\"100%\">\n<tbody>\n<tr>\n<td width=\"7%\"><span style=\"color: #000000;\"><strong>Non<\/strong><\/span><\/td>\n<td width=\"22%\"><span style=\"color: #000000;\"><strong>le programme<\/strong><\/span><\/td>\n<td colspan=\"3\"><span style=\"color: #000000;\"><strong>Sous sp\u00e9cialit\u00e9s<\/strong><\/span><\/td>\n<\/tr>\n<tr>\n<td width=\"7%\"><span style=\"color: #000000;\"><strong>1<\/strong><\/span><\/td>\n<td width=\"22%\"><span style=\"color: #000000;\"><strong>Programme Terre et Eau<\/strong><\/span><\/td>\n<td width=\"21%\"><span style=\"color: #000000;\"><strong>&#8211;<\/strong><\/span><\/td>\n<td width=\"20%\"><span style=\"color: #000000;\"><strong>&#8211;<\/strong><\/span><\/td>\n<td width=\"28%\"><span style=\"color: #000000;\"><strong>&#8211;<\/strong><\/span><\/td>\n<\/tr>\n<tr>\n<td width=\"7%\"><span style=\"color: #000000;\"><strong>2<\/strong><\/span><\/td>\n<td width=\"22%\"><span style=\"color: #000000;\"><strong>Programme de production v\u00e9g\u00e9tale<\/strong><\/span><\/td>\n<td width=\"21%\"><span style=\"color: #000000;\"><strong>Vergers<\/strong><\/span><\/td>\n<td width=\"20%\"><span style=\"color: #000000;\"><strong>Cultures<\/strong><\/span><\/td>\n<td width=\"28%\"><span style=\"color: #000000;\"><strong>&#8211;<\/strong><\/span><\/td>\n<\/tr>\n<tr>\n<td width=\"7%\"><span style=\"color: #000000;\"><strong>3<\/strong><\/span><\/td>\n<td width=\"22%\"><span style=\"color: #000000;\"><strong>Programme de production animale et avicole<\/strong><\/span><\/td>\n<td width=\"21%\"><span style=\"color: #000000;\"><strong>production animale<\/strong><\/span><\/td>\n<td width=\"20%\"><span style=\"color: #000000;\"><strong>Volaille production<\/strong><\/span><\/td>\n<td width=\"28%\"><span style=\"color: #000000;\"><strong>&#8211;<\/strong><\/span><\/td>\n<\/tr>\n<tr>\n<td width=\"7%\"><span style=\"color: #000000;\"><strong>4<\/strong><\/span><\/td>\n<td width=\"22%\"><span style=\"color: #000000;\"><strong>Programme de science et technologie alimentaire<\/strong><\/span><\/td>\n<td width=\"21%\"><span style=\"color: #000000;\"><strong>Industrie alimentaire<\/strong><\/span><\/td>\n<td width=\"20%\"><span style=\"color: #000000;\"><strong>Technologie laiti\u00e8re<\/strong><\/span><\/td>\n<td width=\"28%\"><span style=\"color: #000000;\"><strong>&#8211;<\/strong><\/span><\/td>\n<\/tr>\n<tr>\n<td width=\"7%\"><span style=\"color: #000000;\"><strong>5<\/strong><\/span><\/td>\n<td width=\"22%\"><span style=\"color: #000000;\"><strong>Programme de protection des plantes et des maladies<\/strong><\/span><\/td>\n<td width=\"21%\"><span style=\"color: #000000;\"><strong>Insectes<\/strong><\/span><\/td>\n<td width=\"20%\"><span style=\"color: #000000;\"><strong>Pesticides<\/strong><\/span><\/td>\n<td width=\"28%\"><span style=\"color: #000000;\"><strong>Maladies des plantes<\/strong><\/span><\/td>\n<\/tr>\n<tr>\n<td width=\"7%\"><span style=\"color: #000000;\"><strong>6<\/strong><\/span><\/td>\n<td width=\"22%\"><span style=\"color: #000000;\"><strong>Programme de biotechnologie<\/strong><\/span><\/td>\n<td width=\"21%\"><span style=\"color: #000000;\"><strong>Microbiologie<\/strong><\/span><\/td>\n<td width=\"20%\"><span style=\"color: #000000;\"><strong>La g\u00e9n\u00e9tique<\/strong><\/span><\/td>\n<td width=\"28%\"><span style=\"color: #000000;\"><strong>&#8211;<\/strong><\/span><\/td>\n<\/tr>\n<tr>\n<td width=\"7%\"><span style=\"color: #000000;\"><strong>7<\/strong><\/span><\/td>\n<td width=\"22%\"><span style=\"color: #000000;\"><strong>Programme de sciences \u00e9conomiques et sociales<\/strong><\/span><\/td>\n<td width=\"21%\"><span style=\"color: #000000;\"><strong>\u00e9conomie agricole<\/strong><\/span><\/td>\n<td width=\"20%\"><span style=\"color: #000000;\"><strong>Vulgarisation agricole et soci\u00e9t\u00e9 rurale<\/strong><\/span><\/td>\n<td width=\"28%\"><span style=\"color: #000000;\"><strong>&#8211;<\/strong><\/span><\/td>\n<\/tr>\n<\/tbody>\n<\/table>\n<hr \/>\n<hr \/>\n<hr \/>\n<hr \/>\n<hr \/>\n<hr \/>\n<p><a href=\"https:\/\/agri.sohag-univ.edu.eg\/ar\/wp-content\/uploads\/2018\/10\/AgriFrenchProg21-10-2018.pdf\"><span style=\"color: #ff0000;\"><strong>cliquez ici pour t\u00e9l\u00e9charger<\/strong><\/span><\/a><\/p>\n<hr \/>\n<hr \/>\n<hr \/>\n<hr \/>\n<hr \/>\n<hr \/>\n","protected":false},"excerpt":{"rendered":"<p>Programme de baccalaur\u00e9at Non le programme Sous sp\u00e9cialit\u00e9s 1 Programme Terre et Eau &#8211; &#8211; &#8211; 2 Programme de production v\u00e9g\u00e9tale Vergers Cultures &#8211; 3 Programme de production animale et [&hellip;]<\/p>\n","protected":false},"author":5,"featured_media":15051,"parent":0,"menu_order":0,"comment_status":"closed","ping_status":"closed","template":"","meta":{"_eb_attr":"","ngg_post_thumbnail":0,"footnotes":""},"class_list":["post-15049","page","type-page","status-publish","has-post-thumbnail","hentry"],"yoast_head":"<!-- This site is optimized with the Yoast SEO plugin v26.6 - https:\/\/yoast.com\/wordpress\/plugins\/seo\/ -->\n<title>\u0628\u0631\u0627\u0645\u062c \u0648\u0644\u0627\u0626\u062d\u0629 \u0627\u0644\u0628\u0643\u0627\u0644\u0648\u0631\u064a\u0648\u0633 (\u0645\u062a\u0631\u062c\u0645\u0629 \u0641\u0631\u0646\u0633\u0649) - \u0643\u0644\u064a\u0629 \u0627\u0644\u0632\u0631\u0627\u0639\u0629 | \u062c\u0627\u0645\u0639\u0629 \u0633\u0648\u0647\u0627\u062c<\/title>\n<meta name=\"robots\" content=\"index, follow, max-snippet:-1, max-image-preview:large, max-video-preview:-1\" \/>\n<link rel=\"canonical\" href=\"https:\/\/agri.sohag-univ.edu.eg\/main\/\u0628\u0631\u0627\u0645\u062c-\u0648\u0644\u0627\u0626\u062d\u0629-\u0627\u0644\u0628\u0643\u0627\u0644\u0648\u0631\u064a\u0648\u0633-\u0645\u062a\u0631\u062c\u0645\u0629-\u0641\u0631\u0646\u0633\/\" \/>\n<meta property=\"og:locale\" content=\"ar_AR\" \/>\n<meta property=\"og:type\" content=\"article\" \/>\n<meta property=\"og:title\" content=\"\u0628\u0631\u0627\u0645\u062c \u0648\u0644\u0627\u0626\u062d\u0629 \u0627\u0644\u0628\u0643\u0627\u0644\u0648\u0631\u064a\u0648\u0633 (\u0645\u062a\u0631\u062c\u0645\u0629 \u0641\u0631\u0646\u0633\u0649) - \u0643\u0644\u064a\u0629 \u0627\u0644\u0632\u0631\u0627\u0639\u0629 | \u062c\u0627\u0645\u0639\u0629 \u0633\u0648\u0647\u0627\u062c\" \/>\n<meta property=\"og:description\" content=\"Programme de baccalaur\u00e9at Non le programme Sous sp\u00e9cialit\u00e9s 1 Programme Terre et Eau &#8211; &#8211; &#8211; 2 Programme de production v\u00e9g\u00e9tale Vergers Cultures &#8211; 3 Programme de production animale et [&hellip;]\" \/>\n<meta property=\"og:url\" content=\"https:\/\/agri.sohag-univ.edu.eg\/main\/\u0628\u0631\u0627\u0645\u062c-\u0648\u0644\u0627\u0626\u062d\u0629-\u0627\u0644\u0628\u0643\u0627\u0644\u0648\u0631\u064a\u0648\u0633-\u0645\u062a\u0631\u062c\u0645\u0629-\u0641\u0631\u0646\u0633\/\" \/>\n<meta property=\"og:site_name\" content=\"\u0643\u0644\u064a\u0629 \u0627\u0644\u0632\u0631\u0627\u0639\u0629 | \u062c\u0627\u0645\u0639\u0629 \u0633\u0648\u0647\u0627\u062c\" \/>\n<meta property=\"og:image\" content=\"https:\/\/agri.sohag-univ.edu.eg\/main\/wp-content\/uploads\/2018\/10\/AgriFrench.jpg\" \/>\n\t<meta property=\"og:image:width\" content=\"300\" \/>\n\t<meta property=\"og:image:height\" content=\"299\" \/>\n\t<meta property=\"og:image:type\" content=\"image\/jpeg\" \/>\n<meta name=\"twitter:card\" content=\"summary_large_image\" \/>\n<script type=\"application\/ld+json\" class=\"yoast-schema-graph\">{\"@context\":\"https:\/\/schema.org\",\"@graph\":[{\"@type\":\"WebPage\",\"@id\":\"https:\/\/agri.sohag-univ.edu.eg\/main\/%d8%a8%d8%b1%d8%a7%d9%85%d8%ac-%d9%88%d9%84%d8%a7%d8%a6%d8%ad%d8%a9-%d8%a7%d9%84%d8%a8%d9%83%d8%a7%d9%84%d9%88%d8%b1%d9%8a%d9%88%d8%b3-%d9%85%d8%aa%d8%b1%d8%ac%d9%85%d8%a9-%d9%81%d8%b1%d9%86%d8%b3\/\",\"url\":\"https:\/\/agri.sohag-univ.edu.eg\/main\/%d8%a8%d8%b1%d8%a7%d9%85%d8%ac-%d9%88%d9%84%d8%a7%d8%a6%d8%ad%d8%a9-%d8%a7%d9%84%d8%a8%d9%83%d8%a7%d9%84%d9%88%d8%b1%d9%8a%d9%88%d8%b3-%d9%85%d8%aa%d8%b1%d8%ac%d9%85%d8%a9-%d9%81%d8%b1%d9%86%d8%b3\/\",\"name\":\"\u0628\u0631\u0627\u0645\u062c \u0648\u0644\u0627\u0626\u062d\u0629 \u0627\u0644\u0628\u0643\u0627\u0644\u0648\u0631\u064a\u0648\u0633 (\u0645\u062a\u0631\u062c\u0645\u0629 \u0641\u0631\u0646\u0633\u0649) - \u0643\u0644\u064a\u0629 \u0627\u0644\u0632\u0631\u0627\u0639\u0629 | \u062c\u0627\u0645\u0639\u0629 \u0633\u0648\u0647\u0627\u062c\",\"isPartOf\":{\"@id\":\"https:\/\/agri.sohag-univ.edu.eg\/main\/#website\"},\"primaryImageOfPage\":{\"@id\":\"https:\/\/agri.sohag-univ.edu.eg\/main\/%d8%a8%d8%b1%d8%a7%d9%85%d8%ac-%d9%88%d9%84%d8%a7%d8%a6%d8%ad%d8%a9-%d8%a7%d9%84%d8%a8%d9%83%d8%a7%d9%84%d9%88%d8%b1%d9%8a%d9%88%d8%b3-%d9%85%d8%aa%d8%b1%d8%ac%d9%85%d8%a9-%d9%81%d8%b1%d9%86%d8%b3\/#primaryimage\"},\"image\":{\"@id\":\"https:\/\/agri.sohag-univ.edu.eg\/main\/%d8%a8%d8%b1%d8%a7%d9%85%d8%ac-%d9%88%d9%84%d8%a7%d8%a6%d8%ad%d8%a9-%d8%a7%d9%84%d8%a8%d9%83%d8%a7%d9%84%d9%88%d8%b1%d9%8a%d9%88%d8%b3-%d9%85%d8%aa%d8%b1%d8%ac%d9%85%d8%a9-%d9%81%d8%b1%d9%86%d8%b3\/#primaryimage\"},\"thumbnailUrl\":\"https:\/\/agri.sohag-univ.edu.eg\/main\/wp-content\/uploads\/2018\/10\/AgriFrench.jpg\",\"datePublished\":\"2018-10-21T16:57:13+00:00\",\"breadcrumb\":{\"@id\":\"https:\/\/agri.sohag-univ.edu.eg\/main\/%d8%a8%d8%b1%d8%a7%d9%85%d8%ac-%d9%88%d9%84%d8%a7%d8%a6%d8%ad%d8%a9-%d8%a7%d9%84%d8%a8%d9%83%d8%a7%d9%84%d9%88%d8%b1%d9%8a%d9%88%d8%b3-%d9%85%d8%aa%d8%b1%d8%ac%d9%85%d8%a9-%d9%81%d8%b1%d9%86%d8%b3\/#breadcrumb\"},\"inLanguage\":\"ar\",\"potentialAction\":[{\"@type\":\"ReadAction\",\"target\":[\"https:\/\/agri.sohag-univ.edu.eg\/main\/%d8%a8%d8%b1%d8%a7%d9%85%d8%ac-%d9%88%d9%84%d8%a7%d8%a6%d8%ad%d8%a9-%d8%a7%d9%84%d8%a8%d9%83%d8%a7%d9%84%d9%88%d8%b1%d9%8a%d9%88%d8%b3-%d9%85%d8%aa%d8%b1%d8%ac%d9%85%d8%a9-%d9%81%d8%b1%d9%86%d8%b3\/\"]}]},{\"@type\":\"ImageObject\",\"inLanguage\":\"ar\",\"@id\":\"https:\/\/agri.sohag-univ.edu.eg\/main\/%d8%a8%d8%b1%d8%a7%d9%85%d8%ac-%d9%88%d9%84%d8%a7%d8%a6%d8%ad%d8%a9-%d8%a7%d9%84%d8%a8%d9%83%d8%a7%d9%84%d9%88%d8%b1%d9%8a%d9%88%d8%b3-%d9%85%d8%aa%d8%b1%d8%ac%d9%85%d8%a9-%d9%81%d8%b1%d9%86%d8%b3\/#primaryimage\",\"url\":\"https:\/\/agri.sohag-univ.edu.eg\/main\/wp-content\/uploads\/2018\/10\/AgriFrench.jpg\",\"contentUrl\":\"https:\/\/agri.sohag-univ.edu.eg\/main\/wp-content\/uploads\/2018\/10\/AgriFrench.jpg\",\"width\":300,\"height\":299},{\"@type\":\"BreadcrumbList\",\"@id\":\"https:\/\/agri.sohag-univ.edu.eg\/main\/%d8%a8%d8%b1%d8%a7%d9%85%d8%ac-%d9%88%d9%84%d8%a7%d8%a6%d8%ad%d8%a9-%d8%a7%d9%84%d8%a8%d9%83%d8%a7%d9%84%d9%88%d8%b1%d9%8a%d9%88%d8%b3-%d9%85%d8%aa%d8%b1%d8%ac%d9%85%d8%a9-%d9%81%d8%b1%d9%86%d8%b3\/#breadcrumb\",\"itemListElement\":[{\"@type\":\"ListItem\",\"position\":1,\"name\":\"\u0627\u0644\u0631\u0626\u064a\u0633\u064a\u0629\",\"item\":\"https:\/\/agri.sohag-univ.edu.eg\/main\/\"},{\"@type\":\"ListItem\",\"position\":2,\"name\":\"\u0628\u0631\u0627\u0645\u062c \u0648\u0644\u0627\u0626\u062d\u0629 \u0627\u0644\u0628\u0643\u0627\u0644\u0648\u0631\u064a\u0648\u0633 (\u0645\u062a\u0631\u062c\u0645\u0629 \u0641\u0631\u0646\u0633\u0649)\"}]},{\"@type\":\"WebSite\",\"@id\":\"https:\/\/agri.sohag-univ.edu.eg\/main\/#website\",\"url\":\"https:\/\/agri.sohag-univ.edu.eg\/main\/\",\"name\":\"\u0643\u0644\u064a\u0629 \u0627\u0644\u0632\u0631\u0627\u0639\u0629 | \u062c\u0627\u0645\u0639\u0629 \u0633\u0648\u0647\u0627\u062c\",\"description\":\"\",\"publisher\":{\"@id\":\"https:\/\/agri.sohag-univ.edu.eg\/main\/#organization\"},\"potentialAction\":[{\"@type\":\"SearchAction\",\"target\":{\"@type\":\"EntryPoint\",\"urlTemplate\":\"https:\/\/agri.sohag-univ.edu.eg\/main\/?s={search_term_string}\"},\"query-input\":{\"@type\":\"PropertyValueSpecification\",\"valueRequired\":true,\"valueName\":\"search_term_string\"}}],\"inLanguage\":\"ar\"},{\"@type\":\"Organization\",\"@id\":\"https:\/\/agri.sohag-univ.edu.eg\/main\/#organization\",\"name\":\"\u0643\u0644\u064a\u0629 \u0627\u0644\u0632\u0631\u0627\u0639\u0629 | \u062c\u0627\u0645\u0639\u0629 \u0633\u0648\u0647\u0627\u062c\",\"url\":\"https:\/\/agri.sohag-univ.edu.eg\/main\/\",\"logo\":{\"@type\":\"ImageObject\",\"inLanguage\":\"ar\",\"@id\":\"https:\/\/agri.sohag-univ.edu.eg\/main\/#\/schema\/logo\/image\/\",\"url\":\"https:\/\/agri.sohag-univ.edu.eg\/main\/wp-content\/uploads\/2025\/12\/6-\u0643\u0644\u064a\u0629-\u0627\u0644\u0632\u0631\u0627\u0639\u0629_-7-scaled.png\",\"contentUrl\":\"https:\/\/agri.sohag-univ.edu.eg\/main\/wp-content\/uploads\/2025\/12\/6-\u0643\u0644\u064a\u0629-\u0627\u0644\u0632\u0631\u0627\u0639\u0629_-7-scaled.png\",\"width\":1975,\"height\":2560,\"caption\":\"\u0643\u0644\u064a\u0629 \u0627\u0644\u0632\u0631\u0627\u0639\u0629 | \u062c\u0627\u0645\u0639\u0629 \u0633\u0648\u0647\u0627\u062c\"},\"image\":{\"@id\":\"https:\/\/agri.sohag-univ.edu.eg\/main\/#\/schema\/logo\/image\/\"}}]}<\/script>\n<!-- \/ Yoast SEO plugin. -->","yoast_head_json":{"title":"\u0628\u0631\u0627\u0645\u062c \u0648\u0644\u0627\u0626\u062d\u0629 \u0627\u0644\u0628\u0643\u0627\u0644\u0648\u0631\u064a\u0648\u0633 (\u0645\u062a\u0631\u062c\u0645\u0629 \u0641\u0631\u0646\u0633\u0649) - \u0643\u0644\u064a\u0629 \u0627\u0644\u0632\u0631\u0627\u0639\u0629 | \u062c\u0627\u0645\u0639\u0629 \u0633\u0648\u0647\u0627\u062c","robots":{"index":"index","follow":"follow","max-snippet":"max-snippet:-1","max-image-preview":"max-image-preview:large","max-video-preview":"max-video-preview:-1"},"canonical":"https:\/\/agri.sohag-univ.edu.eg\/main\/\u0628\u0631\u0627\u0645\u062c-\u0648\u0644\u0627\u0626\u062d\u0629-\u0627\u0644\u0628\u0643\u0627\u0644\u0648\u0631\u064a\u0648\u0633-\u0645\u062a\u0631\u062c\u0645\u0629-\u0641\u0631\u0646\u0633\/","og_locale":"ar_AR","og_type":"article","og_title":"\u0628\u0631\u0627\u0645\u062c \u0648\u0644\u0627\u0626\u062d\u0629 \u0627\u0644\u0628\u0643\u0627\u0644\u0648\u0631\u064a\u0648\u0633 (\u0645\u062a\u0631\u062c\u0645\u0629 \u0641\u0631\u0646\u0633\u0649) - \u0643\u0644\u064a\u0629 \u0627\u0644\u0632\u0631\u0627\u0639\u0629 | \u062c\u0627\u0645\u0639\u0629 \u0633\u0648\u0647\u0627\u062c","og_description":"Programme de baccalaur\u00e9at Non le programme Sous sp\u00e9cialit\u00e9s 1 Programme Terre et Eau &#8211; &#8211; &#8211; 2 Programme de production v\u00e9g\u00e9tale Vergers Cultures &#8211; 3 Programme de production animale et [&hellip;]","og_url":"https:\/\/agri.sohag-univ.edu.eg\/main\/\u0628\u0631\u0627\u0645\u062c-\u0648\u0644\u0627\u0626\u062d\u0629-\u0627\u0644\u0628\u0643\u0627\u0644\u0648\u0631\u064a\u0648\u0633-\u0645\u062a\u0631\u062c\u0645\u0629-\u0641\u0631\u0646\u0633\/","og_site_name":"\u0643\u0644\u064a\u0629 \u0627\u0644\u0632\u0631\u0627\u0639\u0629 | \u062c\u0627\u0645\u0639\u0629 \u0633\u0648\u0647\u0627\u062c","og_image":[{"width":300,"height":299,"url":"https:\/\/agri.sohag-univ.edu.eg\/main\/wp-content\/uploads\/2018\/10\/AgriFrench.jpg","type":"image\/jpeg"}],"twitter_card":"summary_large_image","schema":{"@context":"https:\/\/schema.org","@graph":[{"@type":"WebPage","@id":"https:\/\/agri.sohag-univ.edu.eg\/main\/%d8%a8%d8%b1%d8%a7%d9%85%d8%ac-%d9%88%d9%84%d8%a7%d8%a6%d8%ad%d8%a9-%d8%a7%d9%84%d8%a8%d9%83%d8%a7%d9%84%d9%88%d8%b1%d9%8a%d9%88%d8%b3-%d9%85%d8%aa%d8%b1%d8%ac%d9%85%d8%a9-%d9%81%d8%b1%d9%86%d8%b3\/","url":"https:\/\/agri.sohag-univ.edu.eg\/main\/%d8%a8%d8%b1%d8%a7%d9%85%d8%ac-%d9%88%d9%84%d8%a7%d8%a6%d8%ad%d8%a9-%d8%a7%d9%84%d8%a8%d9%83%d8%a7%d9%84%d9%88%d8%b1%d9%8a%d9%88%d8%b3-%d9%85%d8%aa%d8%b1%d8%ac%d9%85%d8%a9-%d9%81%d8%b1%d9%86%d8%b3\/","name":"\u0628\u0631\u0627\u0645\u062c \u0648\u0644\u0627\u0626\u062d\u0629 \u0627\u0644\u0628\u0643\u0627\u0644\u0648\u0631\u064a\u0648\u0633 (\u0645\u062a\u0631\u062c\u0645\u0629 \u0641\u0631\u0646\u0633\u0649) - \u0643\u0644\u064a\u0629 \u0627\u0644\u0632\u0631\u0627\u0639\u0629 | \u062c\u0627\u0645\u0639\u0629 \u0633\u0648\u0647\u0627\u062c","isPartOf":{"@id":"https:\/\/agri.sohag-univ.edu.eg\/main\/#website"},"primaryImageOfPage":{"@id":"https:\/\/agri.sohag-univ.edu.eg\/main\/%d8%a8%d8%b1%d8%a7%d9%85%d8%ac-%d9%88%d9%84%d8%a7%d8%a6%d8%ad%d8%a9-%d8%a7%d9%84%d8%a8%d9%83%d8%a7%d9%84%d9%88%d8%b1%d9%8a%d9%88%d8%b3-%d9%85%d8%aa%d8%b1%d8%ac%d9%85%d8%a9-%d9%81%d8%b1%d9%86%d8%b3\/#primaryimage"},"image":{"@id":"https:\/\/agri.sohag-univ.edu.eg\/main\/%d8%a8%d8%b1%d8%a7%d9%85%d8%ac-%d9%88%d9%84%d8%a7%d8%a6%d8%ad%d8%a9-%d8%a7%d9%84%d8%a8%d9%83%d8%a7%d9%84%d9%88%d8%b1%d9%8a%d9%88%d8%b3-%d9%85%d8%aa%d8%b1%d8%ac%d9%85%d8%a9-%d9%81%d8%b1%d9%86%d8%b3\/#primaryimage"},"thumbnailUrl":"https:\/\/agri.sohag-univ.edu.eg\/main\/wp-content\/uploads\/2018\/10\/AgriFrench.jpg","datePublished":"2018-10-21T16:57:13+00:00","breadcrumb":{"@id":"https:\/\/agri.sohag-univ.edu.eg\/main\/%d8%a8%d8%b1%d8%a7%d9%85%d8%ac-%d9%88%d9%84%d8%a7%d8%a6%d8%ad%d8%a9-%d8%a7%d9%84%d8%a8%d9%83%d8%a7%d9%84%d9%88%d8%b1%d9%8a%d9%88%d8%b3-%d9%85%d8%aa%d8%b1%d8%ac%d9%85%d8%a9-%d9%81%d8%b1%d9%86%d8%b3\/#breadcrumb"},"inLanguage":"ar","potentialAction":[{"@type":"ReadAction","target":["https:\/\/agri.sohag-univ.edu.eg\/main\/%d8%a8%d8%b1%d8%a7%d9%85%d8%ac-%d9%88%d9%84%d8%a7%d8%a6%d8%ad%d8%a9-%d8%a7%d9%84%d8%a8%d9%83%d8%a7%d9%84%d9%88%d8%b1%d9%8a%d9%88%d8%b3-%d9%85%d8%aa%d8%b1%d8%ac%d9%85%d8%a9-%d9%81%d8%b1%d9%86%d8%b3\/"]}]},{"@type":"ImageObject","inLanguage":"ar","@id":"https:\/\/agri.sohag-univ.edu.eg\/main\/%d8%a8%d8%b1%d8%a7%d9%85%d8%ac-%d9%88%d9%84%d8%a7%d8%a6%d8%ad%d8%a9-%d8%a7%d9%84%d8%a8%d9%83%d8%a7%d9%84%d9%88%d8%b1%d9%8a%d9%88%d8%b3-%d9%85%d8%aa%d8%b1%d8%ac%d9%85%d8%a9-%d9%81%d8%b1%d9%86%d8%b3\/#primaryimage","url":"https:\/\/agri.sohag-univ.edu.eg\/main\/wp-content\/uploads\/2018\/10\/AgriFrench.jpg","contentUrl":"https:\/\/agri.sohag-univ.edu.eg\/main\/wp-content\/uploads\/2018\/10\/AgriFrench.jpg","width":300,"height":299},{"@type":"BreadcrumbList","@id":"https:\/\/agri.sohag-univ.edu.eg\/main\/%d8%a8%d8%b1%d8%a7%d9%85%d8%ac-%d9%88%d9%84%d8%a7%d8%a6%d8%ad%d8%a9-%d8%a7%d9%84%d8%a8%d9%83%d8%a7%d9%84%d9%88%d8%b1%d9%8a%d9%88%d8%b3-%d9%85%d8%aa%d8%b1%d8%ac%d9%85%d8%a9-%d9%81%d8%b1%d9%86%d8%b3\/#breadcrumb","itemListElement":[{"@type":"ListItem","position":1,"name":"\u0627\u0644\u0631\u0626\u064a\u0633\u064a\u0629","item":"https:\/\/agri.sohag-univ.edu.eg\/main\/"},{"@type":"ListItem","position":2,"name":"\u0628\u0631\u0627\u0645\u062c \u0648\u0644\u0627\u0626\u062d\u0629 \u0627\u0644\u0628\u0643\u0627\u0644\u0648\u0631\u064a\u0648\u0633 (\u0645\u062a\u0631\u062c\u0645\u0629 \u0641\u0631\u0646\u0633\u0649)"}]},{"@type":"WebSite","@id":"https:\/\/agri.sohag-univ.edu.eg\/main\/#website","url":"https:\/\/agri.sohag-univ.edu.eg\/main\/","name":"\u0643\u0644\u064a\u0629 \u0627\u0644\u0632\u0631\u0627\u0639\u0629 | \u062c\u0627\u0645\u0639\u0629 \u0633\u0648\u0647\u0627\u062c","description":"","publisher":{"@id":"https:\/\/agri.sohag-univ.edu.eg\/main\/#organization"},"potentialAction":[{"@type":"SearchAction","target":{"@type":"EntryPoint","urlTemplate":"https:\/\/agri.sohag-univ.edu.eg\/main\/?s={search_term_string}"},"query-input":{"@type":"PropertyValueSpecification","valueRequired":true,"valueName":"search_term_string"}}],"inLanguage":"ar"},{"@type":"Organization","@id":"https:\/\/agri.sohag-univ.edu.eg\/main\/#organization","name":"\u0643\u0644\u064a\u0629 \u0627\u0644\u0632\u0631\u0627\u0639\u0629 | \u062c\u0627\u0645\u0639\u0629 \u0633\u0648\u0647\u0627\u062c","url":"https:\/\/agri.sohag-univ.edu.eg\/main\/","logo":{"@type":"ImageObject","inLanguage":"ar","@id":"https:\/\/agri.sohag-univ.edu.eg\/main\/#\/schema\/logo\/image\/","url":"https:\/\/agri.sohag-univ.edu.eg\/main\/wp-content\/uploads\/2025\/12\/6-\u0643\u0644\u064a\u0629-\u0627\u0644\u0632\u0631\u0627\u0639\u0629_-7-scaled.png","contentUrl":"https:\/\/agri.sohag-univ.edu.eg\/main\/wp-content\/uploads\/2025\/12\/6-\u0643\u0644\u064a\u0629-\u0627\u0644\u0632\u0631\u0627\u0639\u0629_-7-scaled.png","width":1975,"height":2560,"caption":"\u0643\u0644\u064a\u0629 \u0627\u0644\u0632\u0631\u0627\u0639\u0629 | \u062c\u0627\u0645\u0639\u0629 \u0633\u0648\u0647\u0627\u062c"},"image":{"@id":"https:\/\/agri.sohag-univ.edu.eg\/main\/#\/schema\/logo\/image\/"}}]}},"rttpg_featured_image_url":{"full":["https:\/\/agri.sohag-univ.edu.eg\/main\/wp-content\/uploads\/2018\/10\/AgriFrench.jpg",300,299,false],"landscape":["https:\/\/agri.sohag-univ.edu.eg\/main\/wp-content\/uploads\/2018\/10\/AgriFrench.jpg",300,299,false],"portraits":["https:\/\/agri.sohag-univ.edu.eg\/main\/wp-content\/uploads\/2018\/10\/AgriFrench.jpg",300,299,false],"thumbnail":["https:\/\/agri.sohag-univ.edu.eg\/main\/wp-content\/uploads\/2018\/10\/AgriFrench-150x150.jpg",150,150,true],"medium":["https:\/\/agri.sohag-univ.edu.eg\/main\/wp-content\/uploads\/2018\/10\/AgriFrench-300x299.jpg",300,299,true],"large":["https:\/\/agri.sohag-univ.edu.eg\/main\/wp-content\/uploads\/2018\/10\/AgriFrench.jpg",300,299,false],"1536x1536":["https:\/\/agri.sohag-univ.edu.eg\/main\/wp-content\/uploads\/2018\/10\/AgriFrench.jpg",300,299,false],"2048x2048":["https:\/\/agri.sohag-univ.edu.eg\/main\/wp-content\/uploads\/2018\/10\/AgriFrench.jpg",300,299,false]},"rttpg_author":{"display_name":"\u0639\u0644\u0649 \u0627\u062d\u0645\u062f \u0641\u0631\u063a\u0644","author_link":"https:\/\/agri.sohag-univ.edu.eg\/main\/author\/portal2\/"},"rttpg_comment":0,"rttpg_category":" <a href=\"https:\/\/agri.sohag-univ.edu.eg\/main\/\" rel=\"tag\">\u0627\u0644\u0639\u0631\u0628\u064a\u0629<\/a>","rttpg_excerpt":"Programme de baccalaur\u00e9at Non le programme Sous sp\u00e9cialit\u00e9s 1 Programme Terre et Eau &#8211; &#8211; &#8211; 2 Programme de production v\u00e9g\u00e9tale Vergers Cultures &#8211; 3 Programme de production animale et [&hellip;]","_links":{"self":[{"href":"https:\/\/agri.sohag-univ.edu.eg\/main\/wp-json\/wp\/v2\/pages\/15049","targetHints":{"allow":["GET"]}}],"collection":[{"href":"https:\/\/agri.sohag-univ.edu.eg\/main\/wp-json\/wp\/v2\/pages"}],"about":[{"href":"https:\/\/agri.sohag-univ.edu.eg\/main\/wp-json\/wp\/v2\/types\/page"}],"author":[{"embeddable":true,"href":"https:\/\/agri.sohag-univ.edu.eg\/main\/wp-json\/wp\/v2\/users\/5"}],"replies":[{"embeddable":true,"href":"https:\/\/agri.sohag-univ.edu.eg\/main\/wp-json\/wp\/v2\/comments?post=15049"}],"version-history":[{"count":1,"href":"https:\/\/agri.sohag-univ.edu.eg\/main\/wp-json\/wp\/v2\/pages\/15049\/revisions"}],"predecessor-version":[{"id":15053,"href":"https:\/\/agri.sohag-univ.edu.eg\/main\/wp-json\/wp\/v2\/pages\/15049\/revisions\/15053"}],"wp:featuredmedia":[{"embeddable":true,"href":"https:\/\/agri.sohag-univ.edu.eg\/main\/wp-json\/wp\/v2\/media\/15051"}],"wp:attachment":[{"href":"https:\/\/agri.sohag-univ.edu.eg\/main\/wp-json\/wp\/v2\/media?parent=15049"}],"curies":[{"name":"wp","href":"https:\/\/api.w.org\/{rel}","templated":true}]}}